{"id":44,"date":"2023-12-27T19:42:37","date_gmt":"2023-12-27T19:42:37","guid":{"rendered":"http:\/\/xn--ansuia-0wa.gal\/?page_id=44"},"modified":"2024-05-28T17:00:25","modified_gmt":"2024-05-28T17:00:25","slug":"contacto","status":"publish","type":"page","link":"https:\/\/xn--ansuia-0wa.gal\/index.php\/contacto","title":{"rendered":"Contacto"},"content":{"rendered":"\n<figure class=\"wp-block-image size-large is-style-default wp-duotone-unset-1\"><img loading=\"lazy\" decoding=\"async\" width=\"1024\" height=\"630\" src=\"https:\/\/xn--ansuia-0wa.gal\/wp-content\/uploads\/2024\/05\/DSC_8716-1024x630.jpg\" alt=\"\" class=\"wp-image-418\" srcset=\"https:\/\/xn--ansuia-0wa.gal\/wp-content\/uploads\/2024\/05\/DSC_8716-1024x630.jpg 1024w, https:\/\/xn--ansuia-0wa.gal\/wp-content\/uploads\/2024\/05\/DSC_8716-300x185.jpg 300w, https:\/\/xn--ansuia-0wa.gal\/wp-content\/uploads\/2024\/05\/DSC_8716-768x472.jpg 768w, https:\/\/xn--ansuia-0wa.gal\/wp-content\/uploads\/2024\/05\/DSC_8716-1536x945.jpg 1536w, https:\/\/xn--ansuia-0wa.gal\/wp-content\/uploads\/2024\/05\/DSC_8716-2048x1260.jpg 2048w\" sizes=\"(max-width: 1024px) 100vw, 1024px\" \/><\/figure>\n\n\n\n<p>Podes contactar co grupo de d\u00faas maneiras:<\/p>\n\n\n\n<p>Correo Electr\u00f3nico: <strong>contacto@ansui\u00f1a.gal<\/strong><\/p>\n\n\n\n<p>Tel\u00e9fono\/ Whatsapp: <strong>696 527 049<\/strong><\/p>\n\n\n\n<p>Tam\u00e9n podes contactar mediante as redes sociais do grupo.<\/p>\n","protected":false},"excerpt":{"rendered":"<p>Podes contactar co grupo de d\u00faas maneiras: Correo Electr\u00f3nico: contacto@ansui\u00f1a.gal Tel\u00e9fono\/ Whatsapp: 696 527 049 Tam\u00e9n podes contactar mediante as redes sociais do grupo.<\/p>\n","protected":false},"author":1,"featured_media":0,"parent":0,"menu_order":0,"comment_status":"closed","ping_status":"closed","template":"","meta":{"footnotes":""},"_links":{"self":[{"href":"https:\/\/xn--ansuia-0wa.gal\/index.php\/wp-json\/wp\/v2\/pages\/44"}],"collection":[{"href":"https:\/\/xn--ansuia-0wa.gal\/index.php\/wp-json\/wp\/v2\/pages"}],"about":[{"href":"https:\/\/xn--ansuia-0wa.gal\/index.php\/wp-json\/wp\/v2\/types\/page"}],"author":[{"embeddable":true,"href":"https:\/\/xn--ansuia-0wa.gal\/index.php\/wp-json\/wp\/v2\/users\/1"}],"replies":[{"embeddable":true,"href":"https:\/\/xn--ansuia-0wa.gal\/index.php\/wp-json\/wp\/v2\/comments?post=44"}],"version-history":[{"count":7,"href":"https:\/\/xn--ansuia-0wa.gal\/index.php\/wp-json\/wp\/v2\/pages\/44\/revisions"}],"predecessor-version":[{"id":421,"href":"https:\/\/xn--ansuia-0wa.gal\/index.php\/wp-json\/wp\/v2\/pages\/44\/revisions\/421"}],"wp:attachment":[{"href":"https:\/\/xn--ansuia-0wa.gal\/index.php\/wp-json\/wp\/v2\/media?parent=44"}],"curies":[{"name":"wp","href":"https:\/\/api.w.org\/{rel}","templated":true}]}}